{"id":19,"date":"2025-01-05T13:42:08","date_gmt":"2025-01-05T13:42:08","guid":{"rendered":"http:\/\/energie-im-fuss.ch\/?page_id=19"},"modified":"2025-02-05T16:23:55","modified_gmt":"2025-02-05T16:23:55","slug":"ueber-mich","status":"publish","type":"page","link":"https:\/\/energie-im-fuss.ch\/?page_id=19","title":{"rendered":"\u00dcber mich"},"content":{"rendered":"\n<figure class=\"wp-block-image is-resized\"><img loading=\"lazy\" decoding=\"async\" width=\"1024\" height=\"687\" src=\"https:\/\/energie-im-fuss.ch\/wp-content\/uploads\/2025\/02\/Angie2bearb-1024x687.jpg\" alt=\"\" class=\"wp-image-61\" style=\"width:572px;height:auto\" srcset=\"https:\/\/energie-im-fuss.ch\/wp-content\/uploads\/2025\/02\/Angie2bearb-1024x687.jpg 1024w, https:\/\/energie-im-fuss.ch\/wp-content\/uploads\/2025\/02\/Angie2bearb-300x201.jpg 300w, https:\/\/energie-im-fuss.ch\/wp-content\/uploads\/2025\/02\/Angie2bearb-768x515.jpg 768w, https:\/\/energie-im-fuss.ch\/wp-content\/uploads\/2025\/02\/Angie2bearb.jpg 1347w\" sizes=\"auto, (max-width: 1024px) 100vw, 1024px\" \/><\/figure>\n\n\n\n<ul class=\"wp-block-list\">\n<li>dipl. Fussreflexzonen-Therapeutin HPS<\/li>\n\n\n\n<li>dipl. Astrologin API<\/li>\n\n\n\n<li>Klangmassage-Therapeutin<\/li>\n\n\n\n<li>langj\u00e4hrige T\u00e4tigkeit in der Kinderbetreuung<\/li>\n<\/ul>\n\n\n\n<p>Bei meinem ersten intensiv Kurs \u00fcber Fussreflexzonen, war ich enorm fasziniert, als ich die Verbindung unserer F\u00fcsse mit dem ganzen K\u00f6rper entdeckte. Neue T\u00fcren \u00f6ffneten sich. Mit einer einf\u00fchlsamen Fussbehandlung kann man einem Menschen sehr viel Gutes tun.<\/p>\n\n\n\n<p>Sp\u00e4ter bei meinem Astrologiestudium wurden mir sehr viele Fragen beantwortet, nach denen ich immer auf der Suche war. Neue Welten \u00f6ffneten sich. F\u00fcr mich ist die Astrologie ein guter Zugang zum inneren Kern eines jeden Menschen sowie eine wertvolle Bereicherung in meinem Leben.<\/p>\n\n\n\n<p>In der Ausbildung &#8222;Ern\u00e4hrung nach den 5 Elementen&#8220; erkannte ich auch, wieso nicht f\u00fcr alle Menschen das gleiche Essen gleich gut bek\u00f6mmlich ist und wie es individuell abgestimmt werden kann. Oft hilft schon eine kleine Ern\u00e4hrungsumstellung bei Beschwerden wie Energiemangel, st\u00e4ndiges Frieren, zu viel Hitze, schlechter Schlaf, Menstruationsbeschwerden, Kopfweh usw.&nbsp;<\/p>\n\n\n\n<p>Mit der Klangmassage habe ich eine ganzheitlich unterst\u00fctzende Methode kennen gelernt, die mich immer wieder aufs Neue fasziniert &#8211; die Zellen kommen ins Schwingen, Ruhe und Entspannung stellen sich ein und der K\u00f6rper wird neu gestimmt.\u00a0\u00a0<\/p>\n\n\n\n<p>Gerne verw\u00f6hne ich Sie mit einer wohltuenden Fuss- oder Klangmassage, die bis zur Tiefenentspannung f\u00fchren kann &#8211;&nbsp; aktiviere Ihren Lebensfluss, damit sich der K\u00f6rper regenerieren und neu stimmen kann.<\/p>\n\n\n\n<p>Ich freue mich, wenn ich Sie mit meinen Erfahrungen und Kenntnissen auf Ihrem Lebensweg therapeutisch begleiten kann; wenn ich Sie zum n\u00e4chsten Schritt ermuntern und kraftvoll unterst\u00fctzen darf.<\/p>\n\n\n\n<p>Ich freue mich Sie kennen zu lernen.<\/p>\n","protected":false},"excerpt":{"rendered":"<p>Bei meinem ersten intensiv Kurs \u00fcber Fussreflexzonen, war ich enorm fasziniert, als ich die Verbindung unserer F\u00fcsse mit dem ganzen [&hellip;]<\/p>\n","protected":false},"author":2,"featured_media":0,"parent":0,"menu_order":0,"comment_status":"closed","ping_status":"closed","template":"","meta":{"site-sidebar-layout":"default","site-content-layout":"","ast-site-content-layout":"default","site-content-style":"default","site-sidebar-style":"default","ast-global-header-display":"","ast-banner-title-visibility":"","ast-main-header-display":"","ast-hfb-above-header-display":"","ast-hfb-below-header-display":"","ast-hfb-mobile-header-display":"","site-post-title":"","ast-breadcrumbs-content":"","ast-featured-img":"","footer-sml-layout":"","ast-disable-related-posts":"","theme-transparent-header-meta":"","adv-header-id-meta":"","stick-header-meta":"","header-above-stick-meta":"","header-main-stick-meta":"","header-below-stick-meta":"","astra-migrate-meta-layouts":"default","ast-page-background-enabled":"default","ast-page-background-meta":{"desktop":{"background-color":"var(--ast-global-color-5)","background-image":"","background-repeat":"repeat","background-position":"center center","background-size":"auto","background-attachment":"scroll","background-type":"","background-media":"","overlay-type":"","overlay-color":"","overlay-opacity":"","overlay-gradient":""},"tablet":{"background-color":"","background-image":"","background-repeat":"repeat","background-position":"center center","background-size":"auto","background-attachment":"scroll","background-type":"","background-media":"","overlay-type":"","overlay-color":"","overlay-opacity":"","overlay-gradient":""},"mobile":{"background-color":"","background-image":"","background-repeat":"repeat","background-position":"center center","background-size":"auto","background-attachment":"scroll","background-type":"","background-media":"","overlay-type":"","overlay-color":"","overlay-opacity":"","overlay-gradient":""}},"ast-content-background-meta":{"desktop":{"background-color":"var(--ast-global-color-4)","background-image":"","background-repeat":"repeat","background-position":"center center","background-size":"auto","background-attachment":"scroll","background-type":"","background-media":"","overlay-type":"","overlay-color":"","overlay-opacity":"","overlay-gradient":""},"tablet":{"background-color":"var(--ast-global-color-4)","background-image":"","background-repeat":"repeat","background-position":"center center","background-size":"auto","background-attachment":"scroll","background-type":"","background-media":"","overlay-type":"","overlay-color":"","overlay-opacity":"","overlay-gradient":""},"mobile":{"background-color":"var(--ast-global-color-4)","background-image":"","background-repeat":"repeat","background-position":"center center","background-size":"auto","background-attachment":"scroll","background-type":"","background-media":"","overlay-type":"","overlay-color":"","overlay-opacity":"","overlay-gradient":""}},"footnotes":""},"class_list":["post-19","page","type-page","status-publish","hentry"],"_links":{"self":[{"href":"https:\/\/energie-im-fuss.ch\/index.php?rest_route=\/wp\/v2\/pages\/19","targetHints":{"allow":["GET"]}}],"collection":[{"href":"https:\/\/energie-im-fuss.ch\/index.php?rest_route=\/wp\/v2\/pages"}],"about":[{"href":"https:\/\/energie-im-fuss.ch\/index.php?rest_route=\/wp\/v2\/types\/page"}],"author":[{"embeddable":true,"href":"https:\/\/energie-im-fuss.ch\/index.php?rest_route=\/wp\/v2\/users\/2"}],"replies":[{"embeddable":true,"href":"https:\/\/energie-im-fuss.ch\/index.php?rest_route=%2Fwp%2Fv2%2Fcomments&post=19"}],"version-history":[{"count":7,"href":"https:\/\/energie-im-fuss.ch\/index.php?rest_route=\/wp\/v2\/pages\/19\/revisions"}],"predecessor-version":[{"id":107,"href":"https:\/\/energie-im-fuss.ch\/index.php?rest_route=\/wp\/v2\/pages\/19\/revisions\/107"}],"wp:attachment":[{"href":"https:\/\/energie-im-fuss.ch\/index.php?rest_route=%2Fwp%2Fv2%2Fmedia&parent=19"}],"curies":[{"name":"wp","href":"https:\/\/api.w.org\/{rel}","templated":true}]}}